mon divisor of 12 and q.
4
Suppose 0 = -8*q + 1199 + 161. What is the greatest common divisor of 34 and q?
34
Let i(y) = -20*y + 4. Let d be i(-2). Suppose -u + d = 3*u. Calculate the highest common factor of u and 88.
11
Let r = -2 + 6. Suppose -n = r*k - 29 - 6, 4*n = k + 4. What is the highest common factor of 16 and k?
8
Let l(u) be the first derivative of u**2/2 - 6*u - 1. Let x be (16/10)/((-1)/(-5)). Let s be l(x). What is the greatest common factor of 8 and s?
2
Let h(x) = -x - 6. Let y be h(-8). Let a be 240/y + (1 - 1). Suppose z - 4*z = -a. Calculate the greatest common factor of 5 and z.
5
Let x(q) = -q**2 + 2*q + 6. Let s be x(3). What is the highest common factor of 21 and s?
3
Let k(y) = -49 + 3*y + 43 + 2*y. Let o be k(5). Suppose 5*n - w - 1050 = 0, -3*n + 0*w + 3*w + 642 = 0. Calculate the highest common factor of n and o.
19
Let m = 12 + -9. Suppose -204 = -3*w + 2*d, -5*d = m*w - d - 186. What is the greatest common factor of 6 and w?
6
Let g = 7 + -5. Suppose 0 = -g*u - u + 54. Let h = -1 + 3. What is the highest common factor of u and h?
2
Let z = 28 - 6. Suppose -4*c + 4*m = 24, -17 = -3*m - 5. Let u be (c + -7)/(-3) + 30. Calculate the greatest common factor of z and u.
11
Suppose -3*l + 18 = 3*k, -k + l + 3*l = -6. Let a be (k - 3)/(3/2). What is the highest common factor of a and 18?
2
Suppose 0 = q - 4, 2*x - 4*q = 4*x - 142. Let j be 2/6 - 14/(-3). Suppose j*h + 0*h - 45 = 0. Calculate the highest common divisor of h and x.
9
Suppose 3 = -n + c, 4*n = 5*c - 6 - 2. Let i = n + 15. Calculate the highest common factor of i and 64.
8
Let x(j) = -j. Let n(l) = 3*l - 3. Let d(c) = -n(c) - 2*x(c). Let a be d(3). Suppose a*r = 5*r - 225. What is the greatest common divisor of 9 and r?
9
Let a = 12 - 9. Let v = a - -19. What is the highest common factor of 33 and v?
11
Suppose -m + j + j + 3 = 0, -2*j = 0. Suppose -16 = m*g - 4*g. Calculate the highest common divisor of 144 and g.
16
Let j = -6 - -2. Suppose -396 = 3*q - q. Let o be q/j + 3/6. Calculate the highest common divisor of o and 10.
10
Let m = 2 + -2. Let r be (-1 + m)/(-1) + -1. Suppose d + 11 = -4*q + 55, d + 2*q - 40 = r. Calculate the highest common factor of d and 24.
12
Let q = -175 + 99. Let a be (6/4)/((-3)/(-344)). Let z = a + q. What is the highest common divisor of 12 and z?
12
Let g(f) = f**2 - 2*f - 5. Let w be g(-5). Calculate the highest common divisor of 50 and w.
10
Let b(k) = k**2 - 3*k - 27. Let d be b(8). What is the highest common factor of d and 299?
13
Suppose 0 = -5*l + 27 + 78. Suppose 0*x - 5*x = -15. Suppose v + x = 17. Calculate the highest common factor of v and l.
7
Let p = 194 - 134. Calculate the greatest common divisor of 40 and p.
20
Let h(w) = w**2 - 6*w + 2. Let f = 8 + -2. Let l be h(f). Let r be 13/3 + 2/3. Calculate the highest common divisor of r and l.
1
Suppose 3*d - 15 = 12. Let f(p) = p**3 + 7*p**2 - 5*p - 3. Let k be f(-8). Let i be (-1 - 1)*k/2. Calculate the greatest common factor of d and i.
9
Suppose 2*v = 4 + 6. Calculate the greatest common factor of v and 35.
5
Let l(d) = 23*d. Let g(x) = 8*x. Let p(z) = 17*g(z) - 6*l(z). Let u be p(-4). Let y be u/20 + (-73)/(-5). Calculate the greatest common divisor of y and 3.
3
Suppose 2*k = -0*k + 50. Suppose -k = 4*z - 289. What is the highest common factor of z and 6?
6
Let y = 11 + -11. Let f = 1 + y. Let u be 2/7 + 94/14. Calculate the greatest common divisor of u and f.
1
Suppose 5*m = 999 + 891. Let v be (m/49)/(1/7). Calculate the highest common divisor of 6 and v.
6
Let m = 9 - 4. Let z(g) = -g**3 - 24*g**2 + 55. Let x be z(-24). Calculate the greatest common factor of m and x.
5
Let d(k) = 32*k**3. Let i be d(1). Suppose 0 = 4*o - 3*o. Suppose 5*q - 5 - 15 = o. Calculate the greatest common divisor of i and q.
4
Let o(p) = p**3 - p**2 + p + 1. Let v be o(0). Let h be 8/(-32) - 106/(-8). Let w = 21 - h. What is the greatest common divisor of v and w?
1
Suppose -5*o + p + 0*p + 737 = 0, 0 = -5*o - p + 733. Suppose 0 = 3*l + 3 - o. What is the greatest common factor of l and 12?
12
Let u be 1/1*(-1)/1. Let k(s) = -s**3 + 3*s**2 - s - 3. Let t be k(3). Let n be (-12)/(-10)*(u - t). What is the highest common divisor of 18 and n?
6
Let o = 7 - 2. Let i(j) = j**3 - 2*j**2 - 4*j + 5. Let d be i(o). What is the greatest common divisor of 15 and d?
15
Suppose -2*n - 882 = f - 5*f, -5*n = 15. Suppose -66 - f = -3*q. Calculate the highest common divisor of q and 38.
19
Let v = 4 + 2. Suppose -v*t + 2*t + 4 = 0. What is the greatest common factor of t and 8?
1
Let d = 95 + -50. What is the greatest common factor of 9 and d?
9
Suppose 5*c - 2*c = 5*q + 4, q = c - 2. Calculate the greatest common divisor of c and 12.
3
Suppose 3*u - 18 = 6*u. Let k be 2570/22 + u/(-33). Let r(m) = 2*m + 5. Let n be r(4). Calculate the highest common factor of k and n.
13
Let m(a) = a**3 + a**2 + 8*a - 7. Let v(h) = h**3 - h**2 + h - 1. Let x(f) = -m(f) + 2*v(f). Let i be x(6). What is the highest common factor of 7 and i?
7
Let c be 3 - (2 + 2) - 3. Let m(s) = 3*s**2 - 2*s - 6. Let j be m(c). Calculate the highest common divisor of 10 and j.
10
Let u = -6 + 4. Let g be 15 + 0/u - 1. Let t(f) = 27*f**2 + 2*f. Let m be t(2). What is the greatest common factor of m and g?
14
Let y = 5 - 0. Suppose 8*i + 230 = y*t + 3*i, -5*t = -3*i - 234. What is the greatest common divisor of 6 and t?
6
Suppose 0 = 3*x - 3*p - 42 - 99, 3*x + 4*p - 148 = 0. Let z be (60/25)/(4/10). What is the greatest common factor of x and z?
6
Let o(c) = 11*c**2 - 2*c - 1. Let k be o(-1). What is the highest common factor of k and 12?
12
Let c(u) = 11*u + 7. Let n(a) = -a - 1. Let h(r) = -c(r) - 4*n(r). Let p be h(-4). What is the highest common factor of p and 5?
5
Suppose d + 2*d - 24 = 0. Let q = 15 + -10. Suppose 0*p + q*p - 200 = 0. Calculate the greatest common divisor of p and d.
8
Suppose 3*u = 2*i + 112, -2*u + 0*i = i - 84. What is the highest common divisor of u and 8?
8
Let u be (4/(-3))/(6/45). Let m be 8/20 + 4/u. Suppose m*y = y - 4. Calculate the greatest common divisor of y and 16.
4
Let q = -39 + 47. Calculate the highest common factor of q and 2.
2
Let l be -3*(-1 + -1) + 1. What is the highest common factor of 49 and l?
7
Let p = -9 + 16. Suppose 165*a = 171*a - 462. What is the highest common divisor of p and a?
7
Suppose -5*j = 4*i - 91, 0*j + 3*i = -5*j + 92. Calculate the greatest common divisor of j and 152.
19
Suppose 0*a = 2*a - 4. Suppose 0*k = -a*k - 312. Let i = -92 - k. Calculate the greatest common divisor of 8 and i.
8
Suppose -65 = -2*a - 3*a. Let l = 1 - 4. Let g be l/(-4) - (-205)/4. Calculate the highest common factor of a and g.
13
Suppose -b = 9 - 15. Calculate the greatest common divisor of 9 and b.
3
Let g = 4 + -5. Let l(z) = -16*z**3 + z**2 + z + 1. Let u be l(g). Let k = 34 - 17. Calculate the greatest common factor of k and u.
17
Let h be 2/((-2)/39*-3). Suppose -18 = w - 6. Let y be (-304)/w - 4/(-6). What is the highest common divisor of h and y?
13
Let a = 107 - -40. Calculate the highest common factor of 98 and a.
49
Suppose s + 25 = -4*s. Let i(t) = t**2 + 4*t. Let a be i(s). What is the greatest common factor of 5 and a?
5
Suppose -4*k = 4*u - 24, -15 = -4*k - u + 12. Let y be (0 + -3)*112/(-6). Calculate the highest common divisor of y and k.
7
Suppose 2*f = 7*f. Suppose -34 = -x + 4*t, 0 = -f*x + x + t - 24. Calculate the highest common factor of 234 and x.
26
Let k(o) = 20*o + 4. Let b be k(7). Suppose 3*j = 3*w - 0*w + b, -j + 2*w + 48 = 0. Calculate the greatest common divisor of j and 32.
16
Let h be (1 - -5)*12/9. Suppose -h*c + 255 = -5*c. Calculate the highest common divisor of 17 and c.
17
Suppose -7*m + 9*m = 0, -3*r + m + 198 = 0. Suppose 0 = -2*q + q + 6. What is the highest common factor of r and q?
6
Let x be 3 - (90/3)/2. Let s be 8*(-3)/x*18. What is the greatest common factor of 24 and s?
12
Let z be (66/8)/((-3)/(-24)). Let d = z - 26. Let a = 1 + 9. What is the greatest common factor of a and d?
10
Suppose 0 = -0*f - 3*f + b + 14, 0 = -2*f + 4*b - 4. Let o = 6 - 4. Calculate the greatest common factor of o and f.
2
Suppose 5*v + 1 = -3*s, 12 = -5*s - 3*v + 5*v. Let f be (s - 1) + 2 - 0. Let j be (-4 + 3)*f*13. Calculate the highest common factor of 13 and